 v/10 - 1/(-5). What is the highest common divisor of 28 and g?
14
Let s(l) = -2*l + 5. Let n be s(-4). Let g be -3 - (2 - 66 - 0). Let a = g + -22. What is the greatest common factor of n and a?
13
Let i(j) = -j**3 - 7*j**2 + 4*j + 6. Let y be i(-7). Let t = 29 + y. What is the greatest common divisor of t and 21?
7
Suppose 3*c - 2*a - 544 = 0, -277 - 437 = -4*c - 3*a. What is the greatest common divisor of 50 and c?
10
Let b = -16 - -128. Let o = -28 - -42. What is the greatest common factor of b and o?
14
Let i(h) = -h**3 - 13*h**2 + 2*h + 34. Let m be i(-13). What is the highest common factor of 744 and m?
8
Suppose 3*f = k - 31 - 24, -110 = -2*k + 3*f. Calculate the greatest common divisor of 20 and k.
5
Let z be (-5)/(-2 - -7)*5. Let g be z + 4 + 3 + 5. Let o(x) = -x**3 + 8*x**2 - 2*x - 8. Let d be o(g). What is the greatest common factor of 3 and d?
3
Let a = 36 + 19. Let y be 4 - (2/2)/(-1). Suppose 0 = y*p - 37 - 18. Calculate the highest common factor of a and p.
11
Let t = 21 + -27. Let c = t - -54. Suppose 5*s - 101 = -3*u, 0 = -4*u - 5*s + 59 + 74. What is the greatest common divisor of u and c?
16
Suppose 120*i - 107*i - 663 = 0. What is the greatest common divisor of i and 153?
51
Let z(n) = -n**2 + 30*n - 53. Let w be z(27). What is the highest common divisor of w and 42?
14
Let i = 260 + -156. Let a = 1 - -5. Let h be 628/24 + (-1)/a. What is the greatest common factor of i and h?
26
Let c = -584 - -712. What is the greatest common divisor of 64 and c?
64
Suppose -m = 0, 366 = -i + 4*i + 3*m. What is the highest common factor of 427 and i?
61
Let x = -43 + 62. What is the highest common divisor of x and 437?
19
Suppose -2*f + 4 = -0*f. Suppose 0 = -f*a + c - 11 + 32, 4*c - 12 = -4*a. Suppose -r + a = -0*r. What is the highest common factor of r and 40?
8
Let r be (-24)/(-28)*7 - 0. Let q(d) = -4*d**3 + 4*d. Let n be q(-3). Calculate the greatest common divisor of n and r.
6
Let h be 12/(-8)*2 - -5. Let g be (-2 - -5)*(-46)/(-3). Suppose -3*r = -h*t - 34, -2*r + t - g = -5*r. Calculate the highest common factor of r and 98.
14
Suppose 5*m + 78 = 4*h - 98, -3*h = -m - 33. Let g = 69 + m. Calculate the greatest common factor of g and 3.
3
Let h(w) = 14*w**2 + 3*w. Let c be h(-1). Let g(i) = 15*i - 1. Let q be g(3). Calculate the highest common factor of c and q.
11
Let m be 10/1 + 0 - -2. Suppose -479*b - 24 = -480*b. What is the greatest common divisor of b and m?
12
Let g(b) = -7*b**3 + b**2 - 2*b - 2. Let z be g(-1). Calculate the highest common factor of 16 and z.
8
Suppose 3*b - 12*l + 9*l = 264, 0 = 3*b - l - 264. Calculate the highest common factor of b and 660.
44
Let w = -2474 + 2507. What is the highest common factor of 1067 and w?
11
Suppose -5*a = 5*j - 325, j - 4*j = -2*a + 120. Calculate the highest common divisor of 161 and a.
7
Suppose 3*w + 55*i - 3139 = 51*i, 0 = -i - 5. What is the highest common factor of w and 162?
81
Let w be 0 + 82 - 2/(-2). Suppose 17 = n - w. What is the greatest common factor of 25 and n?
25
Let x(d) = 2*d**3 - 3*d**2 - 4*d + 2. Let q be x(3). Suppose 2*u - 41 + q = 0. Suppose -504*i + 508*i = 144. What is the greatest common divisor of i and u?
12
Let g be 1/(-2)*(9 - 27). Let o = -9 + g. Suppose 3*u + 3*a - 75 = o, 0 = -4*u + a - 6*a + 102. Calculate the highest common divisor of 69 and u.
23
Suppose 6*v - 4*v = -3*i + 514, -4*v + 3*i + 1046 = 0. Calculate the greatest common divisor of 104 and v.
52
Let k(z) = 2*z**2 + 2*z + 6. Let p be k(6). Let w = -62 + p. Suppose -1475 + 355 = -5*j. What is the highest common factor of w and j?
28
Suppose -v = 4*j - 20 - 1, 4*j - 18 = 2*v. Suppose j*c - 4*n = n + 245, -4*n - 52 = -c. What is the greatest common divisor of c and 16?
16
Let j = -47 + 50. Suppose 0 = -2*u - j*u + 105. Let q(d) = 2*d**2 - 3*d + 1. Let o be q(2). Calculate the highest common factor of o and u.
3
Let n(f) = f**3 + 3*f**2 + 3*f + 2. Let x be n(-1). What is the greatest common factor of x and 16?
1
Suppose 3*u + 3 = 9, 3*u = -a + 28. What is the highest common factor of a and 1342?
22
Let k be 93/15 + 1/(-5). Let t = k + -2. Suppose 8*c - t*c - 384 = 0. What is the highest common factor of 32 and c?
32
Suppose 0 = -3*m + 8 + 7. Let n be -2 + 0 + -1 + m. Suppose x + 13 = n*x. Calculate the highest common divisor of x and 104.
13
Let x(j) = 607*j - 209. Let u be x(3). Calculate the greatest common divisor of u and 52.
52
Let p(k) = k**3 + 8*k**2 - k + 3. Suppose -17 = 2*i + 5*d, -6*i + 4*i = 2*d + 14. Let c be p(i). Calculate the highest common factor of 9 and c.
9
Let f be -3*1*-13 + 1. Let z(b) = 17*b**3 - 7*b**2 + 6*b. Suppose 5*x + 2 = 7. Let n be z(x). What is the highest common divisor of n and f?
8
Let l be (20/(-5) - -1) + 16. Let k be (-5 - -3)/((-8)/52*1). What is the greatest common factor of k and l?
13
Let u(l) = -101*l + 2. Let n be u(-5). Let y be n/9 - (-1)/(-3). What is the highest common divisor of y and 8?
8
Let v(g) = g + 5. Let a be v(4). Suppose 0 = t - 3*j - 12, -2*t + 0*j + 39 = -3*j. Let z be 1218/t - 3/27. What is the highest common divisor of a and z?
9
Suppose 66 = 5*g - 54. Let z(s) = s**3 + 7*s**2 + 3*s + 6. Let i be z(-6). Calculate the highest common divisor of i and g.
24
Suppose -4*x - 2*h + 223 = -h, -x + 3*h + 72 = 0. Let z = x + -51. What is the greatest common divisor of 18 and z?
6
Let p = 21 - 11. Suppose 5*c - 60 = p. What is the highest common divisor of 14 and c?
14
Let h(x) = -x**3 + 8*x**2 - 8*x + 10. Let d be h(7). Let i = 57 + -75. Let k be (26/39)/((-4)/i). What is the highest common divisor of k and d?
3
Let p = 12 - 29. Let f = 33 + p. Suppose -556 + 1172 = 11*w - 792. What is the greatest common divisor of f and w?
16
Let c = 466 - 301. Let w(a) = -4*a**3 - 2*a**2 - 2*a - 1. Let v be w(-1). Suppose -4*q + v*q = -15. Calculate the highest common divisor of c and q.
15
Suppose 3*u = -4*u. Let h(d) = 6*d - 2*d**2 + d**2 - 3*d**2 - d**3 + 8 + u. Let y be h(-5). What is the greatest common divisor of 1 and y?
1
Suppose -27 = -2*n - u, n - 13 = -2*u + 8. Let i = n - -54. Let j(c) = -14*c - 2. Let w be j(-2). Calculate the greatest common divisor of i and w.
13
Let t(j) = -296*j + 15. Let g be t(-3). Calculate the highest common divisor of 21 and g.
21
Suppose -3 = v, 5*p - 3*v = 2*v + 5515. What is the greatest common factor of 44 and p?
44
Let c = -57 - -174. Suppose 11*g - g = 2*g + 624. Calculate the greatest common divisor of g and c.
39
Let l be (-2)/(-5)*1480/16. Let s = -27 + l. Let q(y) = y**3 - 10*y**2 + 2*y - 4. Let t be q(s). What is the highest common factor of t and 40?
8
Let g = -79 - -87. Calculate the greatest common divisor of g and 72.
8
Let r(d) = 2*d - 2. Let l be r(-6). Let c = -12 - l. Suppose -c*u = -0*u + 4*f - 52, 0 = 5*f + 25. What is the greatest common factor of u and 90?
18
Let i(g) = 62*g + 2. Let y be i(-1). Let o be (2/(-5))/(2/y). Let z be (1 + 69)*42/35. What is the highest common factor of o and z?
12
Let j = 997 + -963. Let q(s) = 2*s**2 - 2*s + 8. Suppose -2*o - 14 = 5*l - 46, 28 = 4*l + 4*o. Let b be q(l). Calculate the highest common divisor of b and j.
34
Let u = -24 - -20. Let k be ((-5)/3)/(u/48). Let x be k/3*(-144)/(-120). What is the greatest common divisor of x and 8?
8
Let d(k) be the second derivative of 5/2*k**2 + 8*k + 2/3*k**3 + 0. Let j be d(2). Calculate the greatest common divisor of j and 13.
13
Let r(c) = -3*c + 121. Let s be r(-13). What is the greatest common divisor of s and 20?
20
Let v(c) = 34*c + 1. Let h be v(1). Let i = h - 19. Let w(q) = 2*q**2 + 9*q - 2. Let s be w(2). What is the highest common factor of s and i?
8
Let l = 45 - 2. Let c = l - -12. Calculate the greatest common divisor of 11 and c.
11
Suppose -3*o + y + 4 = 0, 3*o + 5*y - 3*y = 19. Suppose -a + 65 = 2*i, 0 = -5*i - o + 8. What is the highest common factor of a and 21?
21
Suppose 653*j = 655*j - 282. Calculate the greatest common divisor of 94 and j.
47
Suppose -5*f + 170 = -145. Suppose 1 + 1 = g. Suppose z + g*z - 27 = 0. What is the highest common factor of z and f?
9
Suppose 0 = 5*v - 24 - 156. Suppose 7*m - v = 5*m. What is the greatest common divisor of 9 and m?
9
Suppose -3*z + 2*y = -1549, 2*z - 1546 = -z + 5*y. Calculate the highest common factor of 188 and z.
47
Let h(p) = 111*p**2 + 